Let l = 819 - 820. Let x(c) = 18*c**3 + 3*c**3 - 4*c**3 + c. Calculate x(l).
-18
Suppose 74 = k + 72. Let t(h) = 4 - 3*h**k - 3*h**2 - 34*h**3 + 4*h + 33*h**3 + 9*h**2 - 7*h**2. What is t(-4)?
-12
Suppose 10*t = -3*t + 104. Let w(y) = -11*y**3 - 29*y**2 + 17*y - 35. Let q(v) = -4*v**3 - 10*v**2 + 6*v - 12. Let m(o) = t*q(o) - 3*w(o). Give m(-7).
30
Suppose l + 5*t = 471, 1505 = 5*l + t - 850. Suppose -4*z = 479 - l. Let v(n) = 2*n**2 + 3*n + 2. Determine v(z).
4
Suppose -4*v - 4*o = -16, -10*o + 7*o = -6. Let i(b) = 2 - 36*b**2 + 75*b**2 + 0*b - 40*b**v - 4*b. Let q be 0 - (-1 - 0) - 5. Give i(q).
2
Let m(a) = -a**3 + 7*a**2 + a - 2. Suppose -2*x + k = -47, 3*x - 42 - 18 = 5*k. Suppose 6*f - x = -1. Calculate m(f).
50
Let o(s) = -2*s**2 + 28*s - 19. Let w = 3543 - 3530. Give o(w).
7
Let n(q) = 162*q - 41*q - 59*q - 55*q - 3. Calculate n(-1).
-10
Let i(u) = 15*u**2 + 2*u**3 + 19*u**3 - 19*u**3 - 20*u - 7 + 24*u**2 - 3. What is i(-20)?
-10
Let x be 1/(8/376) - 4/2. Let p(t) = x*t**2 - 11 - t - 6*t - 46*t**2 + 0*t. What is p(-8)?
-19
Let g(i) = -103*i + 3811. Let f be g(37). Let a(l) be the second derivative of -1/2*l**2 + 0 + 1/6*l**3 + l. Give a(f).
-1
Let b be (1*7)/(-14 - -15). Let o = -11 + b. Let m(s) = -s**3 - 5*s**2 + 2*s + 59. Let w(u) = -u**3 - 5*u**2 + 2*u + 49. Let d(g) = -5*m(g) + 6*w(g). Give d(o).
-25
Let f(t) = -t - 12. Let j(y) = y**2 + 27*y + 135. Let m = -525 + 518. Let c be j(m). Give f(c).
-7
Let y = 250 + -253. Let g(z) = 3*z**3 + 11*z**2 - 8*z + 4. Let o(t) = 2*t**3 + 10*t**2 - 7*t + 4. Let v(r) = y*g(r) + 4*o(r). What is v(6)?
16
Let q(d) be the third derivative of d**4/3 + d**3/2 + 12*d**2. Let b be 16/(-968)*-11*-11. Determine q(b).
-13
Let n(x) = -9*x**2 + 12*x - 9. Let l(t) = -14*t**2 + 16*t - 9. Let f(i) = 2*l(i) - 3*n(i). Determine f(-8).
-23
Let s(y) = 58*y + 109. Let p(k) = 45*k + 84. Let h(d) = 23*p(d) - 18*s(d). What is h(7)?
-93
Let g(z) be the first derivative of 13 + 3/4*z**4 + 1/2*z**2 - 2*z - 3*z**3. Let d(y) = -3*y**3 + 8*y**2 - y + 2. Let c(l) = 6*d(l) + 5*g(l). What is c(2)?
-12
Let j(a) = 4*a + 8. Let f(r) = -18 - r**3 + 14 - 22*r - 4*r**2 - 27 - 7 - 9. Let q be f(-3). Give j(q).
48
Let d(g) be the first derivative of -5*g**2/2 - g + 84886. Let b be (-33)/(-4) + 2/(-8). Let x be 2/(-3) - b/6. Determine d(x).
9
Let y(a) = -17178 - 17175 + 34346 + a + 3*a - a. Give y(-12).
-43
Suppose -16*i + 24 = -17*i. Let d be i/36 + (-7)/3. Let g(a) = 541 - 5*a + 536 - 1074. Determine g(d).
18
Let l be (-21)/3 - 6/(36/78). Let v(h) = 5*h + 95. What is v(l)?
-5
Suppose h - 79 = 2*s - 69, -4*s + 10 = 3*h. Let q(a) be the third derivative of a**5/60 - 3*a**4/8 + a**3/3 - a**2. Calculate q(h).
-16
Let m(j) = -21*j + 49. Let t = -12319 + 12321. Calculate m(t).
7
Let z(j) = 71*j + 1851. Let i be z(-26). Let r(u) = -2*u**2 + 5*u + 1. Calculate r(i).
-24
Let t(y) = y + 36. Let n(f) = f**3 + 16*f**2 + 81*f + 150. Let l be n(-9). Give t(l).
24
Let k(x) = 3*x**2 + 48*x + 2. Let v(o) = o**2 + 14*o. Let p(r) = -4*k(r) + 14*v(r). Determine p(2).
8
Let a(n) = 654*n + 11. Let f(z) = 1472*z + 20. Let u(l) = 9*a(l) - 4*f(l). Let m = -2 + 2. What is u(m)?
19
Let t(i) = 2*i**2 - 3*i - 8. Suppose -3*k = 2*k - 25. Let r(x) = -k*x + 3*x + 6 - 15 + 0*x + x**2. Let c(f) = 3*r(f) - 2*t(f). What is c(0)?
-11
Let a(m) = m**2 - m - 6. Let l be a(0). Let v(f) = -11*f - 3. Let c(g) = 101 - 50 - 49 + 13*g. Let p(x) = -5*c(x) - 6*v(x). Determine p(l).
2
Let b be 114 - 2/(3 - 1). Let j = b + -108. Let u(q) = 4*q**2 - 5*q - 3. Let h(t) = 3*t**2 - 5*t - 2. Let g(l) = -3*h(l) + 2*u(l). Give g(j).
0
Suppose 19 - 65 = 23*h. Let x be h/(-4)*1*160/(-16). Let q(k) = k**2 + 7*k - 1. Give q(x).
-11
Let k(o) = -4*o**2 - 1. Let b be 6012/72*(1 + 1). Let w = b + -166. Calculate k(w).
-5
Let l(s) be the second derivative of s**4/6 + 3*s**3/2 + 9*s**2/2 + 2723*s. Determine l(-3).
0
Let o(q) = -q**3 - 4*q**2 + 5*q + 4. Suppose -3*i = i - 2*l - 12, -4*i + l + 16 = 0. Suppose i*w - 24 = w. Let j = w + -11. Determine o(j).
4
Let b be (-1 + 2)*(2 + 0)/1. Suppose -q - 18 = -b*c - 2*c, -3*c = q - 17. Suppose q*g + 16 = 2. Let v(s) = s**2 + 10*s + 9. Calculate v(g).
-12
Let y(w) = -10*w**3 + 5*w**2 + 3*w - 3. Suppose 47*s - 38*s = 21*s + 24. Calculate y(s).
91
Let i(m) = -m**3 + 9*m**2 + 10*m + 8. Let r = 130 - 122. Let q(v) = v**3 - 7*v**2 - 2*v - 38. Let n be q(r). Determine i(n).
8
Let v(u) = -u**2 + 7*u + 22. Suppose 201 - 341 = -15*y + y. What is v(y)?
-8
Suppose -4*j - 10585 + 26 = -x, -j = 3*x - 31703. Let y(r) = -x*r + 2 + 3 + 10565*r. Determine y(5).
-5
Suppose -41*x - 713 + 139 = 0. Let l(t) = -t + 2. Calculate l(x).
16
Let w(o) be the second derivative of -o**4/6 - o**3/2 - 13*o**2/2 - 590*o. Determine w(-3).
-22
Let q(g) = 58*g**2 + 288*g + 171. Let v(k) = -41*k**2 - 204*k - 122. Let l(n) = -12*q(n) - 17*v(n). Determine l(-6).
-14
Suppose 0 = -4*h + 2*h - f, -h + 4*f = 0. Suppose -61*n - 30 = -71*n. Let r(s) = 4*s - 2 - 16 + n*s**3 - 8*s - 4*s**3 + 3*s. What is r(h)?
-18
Let x(h) = -2*h**2 - 8*h - 1. Let v(g) = 11*g**2 + 44*g - 6. Let r(z) = v(z) + 5*x(z). Determine r(-11).
66
Let z(w) be the first derivative of w**4/2 + 16*w**3/3 - 18*w - 3897. What is z(-8)?
-18
Let h = -31 + -83. Let d = -109 - h. Let w(l) = 3 + 0*l**2 + 6*l - 2*l**3 - d*l - 5*l**2 - 2*l. Calculate w(-3).
15
Let g(c) = 3 - 17*c - 1048*c**2 - 8*c + 1058*c**2 + 15*c + 2*c**3. Determine g(-6).
-9
Let h(t) be the third derivative of 0 + 1/120*t**6 - 7/3*t**3 + 1/6*t**5 + 0*t - 18*t**2 - 1/24*t**4. Suppose -10 = -66*c + 67*c. What is h(c)?
-4
Suppose 156*y - 255 = 171*y. Let s(i) = -14*i**2 + 63*i - 9. Let h(l) = 5*l**2 - 22*l + 3. Let q(d) = y*h(d) - 6*s(d). Determine q(-6).
-9
Let a(i) be the first derivative of i**4/4 - 2*i**3/3 - 35*i**2/2 - 16*i - 8730. Give a(-5).
-16
Suppose -4*y = 4*b + 358 - 298, -3*y - 37 = 5*b. Let g(u) = -4*u - 7. What is g(y)?
69
Let i(u) = -u + 5 + 6 - 6 - u + 273*u**2 + 0*u - 272*u**2. Let c be (0 - 0)*4/12. What is i(c)?
5
Let m(r) be the third derivative of 11*r**4/12 - 77*r**3/3 + r**2 - 679*r - 2. Determine m(7).
0
Let w(t) = -30 - 22*t - 18*t + 10*t + 2*t + 191. Give w(6).
-7
Let a be (-28)/(-6)*(-10 + (-70)/(-4)). Let s(h) = -5 + a - 6*h + 8*h - 21. Determine s(-6).
-3
Let s(j) = 9*j - 33. Suppose h - 6*z - 59 = -22, -4*h + 18 = 2*z. Calculate s(h).
30
Let v(w) = -w**2 + 7*w. Let k = -59 + 60. Let y be k/1 + (-7 - -27). Suppose 26*r + y = 29*r. Calculate v(r).
0
Let b(c) be the first derivative of c**3 - 6*c + 66 - 27 + c**2 + 72 + 8*c. Determine b(-1).
3
Suppose -4 = q - 5*i, 5*q + i - 7 = -1. Let s be q/(-12)*-3 + 30/8. Suppose 7 = -r - 3*u + 2, 2 = -s*r - 3*u. Let w(p) = 7*p - 1. Give w(r).
6
Let j be -1 + -16*(-9)/18. Let r(l) = 2*l + 2*l - l**2 + 4*l + 2*l**2 - j*l. What is r(-3)?
6
Let p(d) = -2*d**3 + 22*d**2 + d - 7. Let z be p(11). Let i be 6 + -1 - ((-108)/z)/9. Let x(y) = -y**2 + 7*y + 4. What is x(i)?
-4
Let j(n) be the third derivative of 0 - 28*n**2 + 0*n + 1/12*n**4 + 0*n**3 + 3/20*n**5. Give j(2).
40
Let u = 91 - 86. Let p(z) = -2*z**2 - 4*z - 5. Let o(q) = -q**2. Let d(g) = -3*o(g) + p(g). Determine d(u).
0
Suppose -w = 3*b - 14, 0 = 8*b - 7*b. Let h(g) = -2 - 1 - 12*g**2 + 655*g**3 - 329*g**3 - 325*g**3 - 28*g + 1. Give h(w).
-2
Let x(d) = 2*d**2 - 3*d + 4. Let i = -1629 - -1624. What is x(i)?
69
Let i(u) = -2*u**2 - 5*u + 1. Let r(c) = 5*c**2 + 9*c - 2. Suppose 2*x - 3*w - 2 = 12, 0 = -5*x - 5*w + 35. Let b(q) = x*i(q) + 4*r(q). What is b(1)?
6
Let c(j) = j**3 - 5*j**2 + 2*j - 4. Let h = -132 - -88. Let v = h + 38. Let o(y) = -y**2 - 11*y - 25. Let l be o(v). Calculate c(l).
6
Let j(m) = 14 + m + 4 + 10. Let b = -4844 + 4844. Determine j(b).
28
Let m(l) = -11 + 0*l + 2*l + 9*l**2 - l**2 - l**3. Let a(k) = -k**2 + 13*k + 44. Let s be a(9). Let b = s - 72. Determine m(b).
5
Let h(z) be the first derivative of 2*z**2 + 5/3*z**3 - 141 + 1/4*z**4 - z. What is h(-4)?
-1
Let i be 51/(-17)*(4 - 5). Let y(t) = 836*t - 838*t + 6*t**2 - t**i - 2 - 1. Give y(5).
12
Let j(q) = q + 6. Suppose -42*p + 40*p = 4. Let w be p*((-22)/(-33) - 32/(-6)). Calculate j(w).
-6
Let n be 8/(-12) - ((-145)/15 + 7). Let m(y) = -y - 2. Determine m(n).
-4
Suppose 36 = 2*w + 2*w. Let z = 3 - w. Let p(l) = 4*l**3 - 74*l + 145*l - 7*l**2 - 9 - 78*l - 5*l**3. Give p(z).
-3
